{"id":312,"date":"2021-03-29T10:17:55","date_gmt":"2021-03-29T13:17:55","guid":{"rendered":"https:\/\/sjpneus.com.br\/?page_id=312"},"modified":"2021-03-29T10:17:55","modified_gmt":"2021-03-29T13:17:55","slug":"empresa","status":"publish","type":"page","link":"https:\/\/sjpneus.com.br\/?page_id=312","title":{"rendered":"O melhor para o seu carro"},"content":{"rendered":"<div class=\"art-content-layout\">\n<div class=\"art-content-layout-row\">\n<div class=\"art-layout-cell layout-item-0\" style=\"width: 100%\" >\n<p><img loading=\"lazy\" decoding=\"async\" style=\"float: left; margin-top: 0px; margin-right: 20px; margin-bottom: 0px; margin-left: 0px; border-top-width: 0px; border-right-width: 0px; border-bottom-width: 0px; border-left-width: 0px; \" width=\"250\" height=\"262\" alt=\"\" class=\"art-lightbox\" src=\"http:\/\/sjpneus.com.br\/wp-content\/uploads\/2021\/03\/e8da9511-9c4c-4f52-86ea-99d9baa72ee3.png\">\n        <\/p>\n<h2><span style=\"font-weight: bold;\">Se toda a ind\u00fastria automobilist\u00edca melhorou, porque as oficinas n\u00e3o fariam o mesmo?<\/span><\/h2>\n<p>A modernidade foi o caminho natural a seguir, n\u00e3o apenas no maquin\u00e1rio e nas instala\u00e7\u00f5es,mas tamb\u00e9m nos profissionais. Hoje os centro automotivos s\u00e3o ambientes familiares, frequentado tamb\u00e9m por mulheres, limpos, organizados e com equipamentos de ponta, al\u00e9m da prioridade em dar aos clientes o melhor atendimento e at\u00e9 mesmo a preocupa\u00e7\u00e3o com o meio ambiente, atrav\u00e9s do descarte correto dos res\u00edduos.<\/p>\n<h3>O que faz o Centro Automotivo SJ Pneus<\/h3>\n<p>N\u00f3s trabalhamos com servi\u00e7os de check-up e manuten\u00e7\u00e3o, com equipamentos de primeira linha e ferramentas. Nossos profissionais t\u00eam conhecimento t\u00e9cnicos e habilidades para entender com mais efici\u00eancia e oferecer a melhor solu\u00e7\u00e3o para o seu problema. Oferecemos um atendimento completo com solu\u00e7\u00f5es el\u00e9tricas, mec\u00e2nicas, suspens\u00e3o, escapamentos, pneus, alinhamento, balanceamento e servi\u00e7os de borracharia.<\/p>\n<p><\/p>\n<h3>Manuten\u00e7\u00e3o preventiva &#8211; o melhor caminho<img loading=\"lazy\" decoding=\"async\" style=\"float: right; margin-top: 5px; margin-right: 5px; margin-bottom: 3px; margin-left: 5px; border-top-style: solid; border-right-style: solid; border-bottom-style: solid; border-left-style: solid; border-top-color: rgb(132, 132, 132); border-right-color: rgb(132, 132, 132); border-bottom-color: rgb(132, 132, 132); border-left-color: rgb(132, 132, 132); border-top-width: 1px; border-right-width: 1px; border-bottom-width: 1px; border-left-width: 1px; \" width=\"353\" height=\"235\" alt=\"\" class=\"art-lightbox\" src=\"http:\/\/sjpneus.com.br\/wp-content\/uploads\/2021\/03\/8c5a8794-b854-4d58-999e-d3ca07ba710d.png\"><br \/>\n        <\/h3>\n<p class=\"MsoNormal\" style=\"margin-bottom: 0.0001pt;\">Voc\u00ea sabia<br \/>\n        que fazer a manuten\u00e7\u00e3o preventiva do seu ve\u00edculo ajuda a economizar?&nbsp;Afinal,<br \/>\n        diferentemente da manuten\u00e7\u00e3o corretiva, uma revis\u00e3o peri\u00f3dica busca se<br \/>\n        antecipar aos problemas.&nbsp;Al\u00e9m disso,<br \/>\n        h\u00e1 a quest\u00e3o do desempenho e do consumo do carro.<\/p>\n<p class=\"MsoNormal\" style=\"margin-bottom: 0.0001pt;\">Quando tudo<br \/>\n        funciona bem, isso reflete tamb\u00e9m no consumo de combust\u00edvel do ve\u00edculo.&nbsp;Mas n\u00e3o h\u00e1<br \/>\n        motivo maior para cuidar bem do seu ve\u00edculo do que para a sua pr\u00f3pria<br \/>\n        seguran\u00e7a.<\/p>\n<p class=\"MsoNormal\" style=\"margin-bottom: 0.0001pt;\">Quem assume<br \/>\n        esse compromisso se protege melhor contra falhas mec\u00e2nicas que podem<br \/>\n        comprometer o controle do carro, diminuindo o risco de acidentes.<\/p>\n<p class=\"MsoNormal\" style=\"margin-bottom: 0.0001pt;\">E n\u00e3o se<br \/>\n        pode deixar, ainda, de falar sobre as multas geradas a partir de problemas<br \/>\n        relacionados a itens obrigat\u00f3rios do autom\u00f3vel.&nbsp;Em alguns<br \/>\n        casos, os custos gerados ao condutor podem ser bastante elevados.<\/p>\n<p class=\"MsoNormal\" style=\"margin-bottom: 0.0001pt;\"><\/p>\n<\/p><\/div>\n<\/p><\/div>\n<\/div>\n","protected":false},"excerpt":{"rendered":"<p>Se toda a ind\u00fastria automobilist\u00edca melhorou, porque as oficinas n\u00e3o fariam o mesmo? A modernidade foi o caminho natural a seguir, n\u00e3o apenas no maquin\u00e1rio e nas instala\u00e7\u00f5es,mas tamb\u00e9m nos profissionais. Hoje os centro automotivos s\u00e3o ambientes familiares, frequentado tamb\u00e9m por mulheres, limpos, organizados e com equipamentos de ponta, al\u00e9m da prioridade em dar aos [&hellip;]<\/p>\n","protected":false},"author":1,"featured_media":0,"parent":0,"menu_order":2,"comment_status":"closed","ping_status":"closed","template":"","meta":{"footnotes":""},"class_list":["post-312","page","type-page","status-publish","hentry"],"yoast_head":"<!-- This site is optimized with the Yoast SEO plugin v26.0 - https:\/\/yoast.com\/wordpress\/plugins\/seo\/ -->\n<title>O melhor para o seu carro -<\/title>\n<meta name=\"robots\" content=\"index, follow, max-snippet:-1, max-image-preview:large, max-video-preview:-1\" \/>\n<link rel=\"canonical\" href=\"https:\/\/sjpneus.com.br\/?page_id=312\" \/>\n<meta property=\"og:locale\" content=\"pt_BR\" \/>\n<meta property=\"og:type\" content=\"article\" \/>\n<meta property=\"og:title\" content=\"O melhor para o seu carro -\" \/>\n<meta property=\"og:description\" content=\"Se toda a ind\u00fastria automobilist\u00edca melhorou, porque as oficinas n\u00e3o fariam o mesmo? A modernidade foi o caminho natural a seguir, n\u00e3o apenas no maquin\u00e1rio e nas instala\u00e7\u00f5es,mas tamb\u00e9m nos profissionais. Hoje os centro automotivos s\u00e3o ambientes familiares, frequentado tamb\u00e9m por mulheres, limpos, organizados e com equipamentos de ponta, al\u00e9m da prioridade em dar aos [&hellip;]\" \/>\n<meta property=\"og:url\" content=\"https:\/\/sjpneus.com.br\/?page_id=312\" \/>\n<meta property=\"og:image\" content=\"http:\/\/sjpneus.com.br\/wp-content\/uploads\/2021\/03\/e8da9511-9c4c-4f52-86ea-99d9baa72ee3.png\" \/>\n<meta name=\"twitter:card\" content=\"summary_large_image\" \/>\n<meta name=\"twitter:label1\" content=\"Est. tempo de leitura\" \/>\n\t<meta name=\"twitter:data1\" content=\"2 minutos\" \/>\n<script type=\"application\/ld+json\" class=\"yoast-schema-graph\">{\"@context\":\"https:\/\/schema.org\",\"@graph\":[{\"@type\":\"WebPage\",\"@id\":\"https:\/\/sjpneus.com.br\/?page_id=312\",\"url\":\"https:\/\/sjpneus.com.br\/?page_id=312\",\"name\":\"O melhor para o seu carro -\",\"isPartOf\":{\"@id\":\"https:\/\/sjpneus.com.br\/#website\"},\"primaryImageOfPage\":{\"@id\":\"https:\/\/sjpneus.com.br\/?page_id=312#primaryimage\"},\"image\":{\"@id\":\"https:\/\/sjpneus.com.br\/?page_id=312#primaryimage\"},\"thumbnailUrl\":\"http:\/\/sjpneus.com.br\/wp-content\/uploads\/2021\/03\/e8da9511-9c4c-4f52-86ea-99d9baa72ee3.png\",\"datePublished\":\"2021-03-29T13:17:55+00:00\",\"breadcrumb\":{\"@id\":\"https:\/\/sjpneus.com.br\/?page_id=312#breadcrumb\"},\"inLanguage\":\"pt-BR\",\"potentialAction\":[{\"@type\":\"ReadAction\",\"target\":[\"https:\/\/sjpneus.com.br\/?page_id=312\"]}]},{\"@type\":\"ImageObject\",\"inLanguage\":\"pt-BR\",\"@id\":\"https:\/\/sjpneus.com.br\/?page_id=312#primaryimage\",\"url\":\"https:\/\/sjpneus.com.br\/wp-content\/uploads\/2021\/03\/e8da9511-9c4c-4f52-86ea-99d9baa72ee3.png\",\"contentUrl\":\"https:\/\/sjpneus.com.br\/wp-content\/uploads\/2021\/03\/e8da9511-9c4c-4f52-86ea-99d9baa72ee3.png\",\"width\":250,\"height\":262},{\"@type\":\"BreadcrumbList\",\"@id\":\"https:\/\/sjpneus.com.br\/?page_id=312#breadcrumb\",\"itemListElement\":[{\"@type\":\"ListItem\",\"position\":1,\"name\":\"In\u00edcio\",\"item\":\"https:\/\/sjpneus.com.br\/\"},{\"@type\":\"ListItem\",\"position\":2,\"name\":\"O melhor para o seu carro\"}]},{\"@type\":\"WebSite\",\"@id\":\"https:\/\/sjpneus.com.br\/#website\",\"url\":\"https:\/\/sjpneus.com.br\/\",\"name\":\"\",\"description\":\"\",\"potentialAction\":[{\"@type\":\"SearchAction\",\"target\":{\"@type\":\"EntryPoint\",\"urlTemplate\":\"https:\/\/sjpneus.com.br\/?s={search_term_string}\"},\"query-input\":{\"@type\":\"PropertyValueSpecification\",\"valueRequired\":true,\"valueName\":\"search_term_string\"}}],\"inLanguage\":\"pt-BR\"}]}<\/script>\n<!-- \/ Yoast SEO plugin. -->","yoast_head_json":{"title":"O melhor para o seu carro -","robots":{"index":"index","follow":"follow","max-snippet":"max-snippet:-1","max-image-preview":"max-image-preview:large","max-video-preview":"max-video-preview:-1"},"canonical":"https:\/\/sjpneus.com.br\/?page_id=312","og_locale":"pt_BR","og_type":"article","og_title":"O melhor para o seu carro -","og_description":"Se toda a ind\u00fastria automobilist\u00edca melhorou, porque as oficinas n\u00e3o fariam o mesmo? A modernidade foi o caminho natural a seguir, n\u00e3o apenas no maquin\u00e1rio e nas instala\u00e7\u00f5es,mas tamb\u00e9m nos profissionais. Hoje os centro automotivos s\u00e3o ambientes familiares, frequentado tamb\u00e9m por mulheres, limpos, organizados e com equipamentos de ponta, al\u00e9m da prioridade em dar aos [&hellip;]","og_url":"https:\/\/sjpneus.com.br\/?page_id=312","og_image":[{"url":"http:\/\/sjpneus.com.br\/wp-content\/uploads\/2021\/03\/e8da9511-9c4c-4f52-86ea-99d9baa72ee3.png","type":"","width":"","height":""}],"twitter_card":"summary_large_image","twitter_misc":{"Est. tempo de leitura":"2 minutos"},"schema":{"@context":"https:\/\/schema.org","@graph":[{"@type":"WebPage","@id":"https:\/\/sjpneus.com.br\/?page_id=312","url":"https:\/\/sjpneus.com.br\/?page_id=312","name":"O melhor para o seu carro -","isPartOf":{"@id":"https:\/\/sjpneus.com.br\/#website"},"primaryImageOfPage":{"@id":"https:\/\/sjpneus.com.br\/?page_id=312#primaryimage"},"image":{"@id":"https:\/\/sjpneus.com.br\/?page_id=312#primaryimage"},"thumbnailUrl":"http:\/\/sjpneus.com.br\/wp-content\/uploads\/2021\/03\/e8da9511-9c4c-4f52-86ea-99d9baa72ee3.png","datePublished":"2021-03-29T13:17:55+00:00","breadcrumb":{"@id":"https:\/\/sjpneus.com.br\/?page_id=312#breadcrumb"},"inLanguage":"pt-BR","potentialAction":[{"@type":"ReadAction","target":["https:\/\/sjpneus.com.br\/?page_id=312"]}]},{"@type":"ImageObject","inLanguage":"pt-BR","@id":"https:\/\/sjpneus.com.br\/?page_id=312#primaryimage","url":"https:\/\/sjpneus.com.br\/wp-content\/uploads\/2021\/03\/e8da9511-9c4c-4f52-86ea-99d9baa72ee3.png","contentUrl":"https:\/\/sjpneus.com.br\/wp-content\/uploads\/2021\/03\/e8da9511-9c4c-4f52-86ea-99d9baa72ee3.png","width":250,"height":262},{"@type":"BreadcrumbList","@id":"https:\/\/sjpneus.com.br\/?page_id=312#breadcrumb","itemListElement":[{"@type":"ListItem","position":1,"name":"In\u00edcio","item":"https:\/\/sjpneus.com.br\/"},{"@type":"ListItem","position":2,"name":"O melhor para o seu carro"}]},{"@type":"WebSite","@id":"https:\/\/sjpneus.com.br\/#website","url":"https:\/\/sjpneus.com.br\/","name":"","description":"","potentialAction":[{"@type":"SearchAction","target":{"@type":"EntryPoint","urlTemplate":"https:\/\/sjpneus.com.br\/?s={search_term_string}"},"query-input":{"@type":"PropertyValueSpecification","valueRequired":true,"valueName":"search_term_string"}}],"inLanguage":"pt-BR"}]}},"_links":{"self":[{"href":"https:\/\/sjpneus.com.br\/index.php?rest_route=\/wp\/v2\/pages\/312","targetHints":{"allow":["GET"]}}],"collection":[{"href":"https:\/\/sjpneus.com.br\/index.php?rest_route=\/wp\/v2\/pages"}],"about":[{"href":"https:\/\/sjpneus.com.br\/index.php?rest_route=\/wp\/v2\/types\/page"}],"author":[{"embeddable":true,"href":"https:\/\/sjpneus.com.br\/index.php?rest_route=\/wp\/v2\/users\/1"}],"replies":[{"embeddable":true,"href":"https:\/\/sjpneus.com.br\/index.php?rest_route=%2Fwp%2Fv2%2Fcomments&post=312"}],"version-history":[{"count":0,"href":"https:\/\/sjpneus.com.br\/index.php?rest_route=\/wp\/v2\/pages\/312\/revisions"}],"wp:attachment":[{"href":"https:\/\/sjpneus.com.br\/index.php?rest_route=%2Fwp%2Fv2%2Fmedia&parent=312"}],"curies":[{"name":"wp","href":"https:\/\/api.w.org\/{rel}","templated":true}]}}